7 - i. Let q(a) = -a**3 + 5*a**2 + 8*a - 7. Calculate q(d).
5
Let t(s) = 2*s**2 - 2*s - 1. Let c(v) be the first derivative of 7*v**2/2 - 50*v + 30. Let y be c(7). Give t(y).
3
Let c(p) = 6*p**3 + 29*p**2 + 27*p + 5. Let r(t) = 4*t**3 + 20*t**2 + 18*t + 4. Let q(o) = -5*c(o) + 8*r(o). Give q(-7).
-7
Let n = 346 + -345. Let z(a) = -3*a - 4. Let y(q) = q + 6. Let b(i) = n*z(i) + y(i). Calculate b(3).
-4
Let q(g) = g - 14. Suppose -3*j + w = -0*j - 11, 5*j - w = 15. Let u be j + (-8)/(8/(-8)). Determine q(u).
-4
Let k(y) = -11*y + 8. Let f(r) = -9*r + 6. Let x be (-6)/(-7) + 2788/(-574). Let u(v) = x*k(v) + 5*f(v). What is u(-14)?
12
Let g be (3 - 7/2)/((-1)/4). Let x(p) = 31*p**g - 33*p**2 + 2*p - 7 + 7*p + 0*p. Let i be x(4). Let j(u) = u**3 + 2*u**2 - 3*u. Calculate j(i).
0
Let i(s) = -s**2 - 7*s - 3. Suppose 5*c = 3*p + 69 + 24, -2*c + 38 = -2*p. Suppose -c = 5*l + 4*z, 5*l = 7*l - 4*z + 24. Give i(l).
3
Let k = 28 + -22. Let m be -3*(-3)/(27/k). Suppose -3*d - 2 = -m*d. Let o(p) = -3*p**2 + p - 1. Give o(d).
-15
Let n(f) = f**2 + 19*f - 65. Suppose -5*x - 8*x = 286. Let c be n(x). Let r(y) = 3*y - 3. Give r(c).
0
Let p(o) be the first derivative of -o**5/60 - 7*o**4/12 + 3*o**3 - 43*o**2 - 2*o - 87. Let l(s) be the second derivative of p(s). Give l(-16).
-14
Let o(i) = 12*i - 2. Let n(d) = d**3 - 4*d**2 + 76*d - 215. Let y be n(3). Calculate o(y).
46
Let a(n) = -n**2 + n - 2. Let s = -276 - -279. Suppose -3*h + 5 = 5*z, h = -1 + 6. Let o(q) = -q**2 - 2. Let d(r) = s*o(r) + z*a(r). Calculate d(-4).
-10
Let j be (-1 + -4)*21/(-35). Let h(i) = 9 + 9*i**3 - 16*i**3 + 15 + 2*i**j + 6*i**3 + 11*i**2 + 2*i. Give h(-11).
2
Let l(c) = c**2. Let q(n) = 5*n**2 - 2*n + 1. Let z(i) = -4*l(i) + q(i). Suppose 31 = 4*x - 5*h, 5*x = -8*h + 10*h + 26. Calculate z(x).
9
Let h(t) = -41*t + 414. Let l = 24732 - 24722. Determine h(l).
4
Let o(c) be the third derivative of c**6/120 + 3*c**5/20 + 3*c**4/8 + c**3/3 + c**2 - 269*c + 2. What is o(-8)?
-6
Let g(h) = -h. Suppose -2*u + 67 - 65 = 0. Let w be (-2)/((-44)/20 - u/(-5)). Give g(w).
-1
Let p(i) = i**3 + 10*i**2 - i + 4. Suppose 292 = 5*n + 4*a, -4*n + 67*a - 72*a = -230. Suppose -55*g + n = -61*g. Calculate p(g).
14
Let i(w) be the second derivative of w**3/3 + 29*w**2/2 - 229*w. Calculate i(12).
53
Let g(n) be the second derivative of -n**8/840 - n**7/2520 + n**5/120 + 55*n**4/12 + n + 6. Let j(v) be the third derivative of g(v). Give j(-1).
8
Suppose 24 = -23*y + 1. Let w(b) = 55*b**2 - 45. Let u(q) = -5*q**2 + 4. Let p(r) = -45*u(r) - 4*w(r). Calculate p(y).
5
Suppose 5*o = -g - 46, o = 3*g + 417 - 439. Let q(z) be the first derivative of z**4/4 - 5*z**3/3 + 3*z**2 - z + 1. What is q(g)?
7
Suppose 9*o + 32*o + 7*o = -o. Let q(v) be the third derivative of -v**5/60 + v**4/24 - 7*v**2. Give q(o).
0
Suppose 3*w + 6*b = -18, -w = b - 0 + 3. Let v(g) = g**2 - g + 37. What is v(w)?
37
Let b(c) = 22*c - 1050. Let a be b(47). Let y(m) = -2*m - 26. Determine y(a).
6
Let f(k) = k**3 + 6*k**2 + k + 12. Let n(t) = t**3 + 5*t**2 + t + 13. Let p(z) = -3*f(z) + 2*n(z). Let a = -2085 - -1250. Let x = a + 827. What is p(x)?
-2
Let a(y) = -2 - 171*y - 5 + 282*y - 114*y - 1. Let n = 1 + -7. What is a(n)?
10
Suppose 2010 - 2388 = 54*c. Let m(r) = 2*r**2 + 0*r**2 - 6*r - 3*r**2 + 9. Give m(c).
2
Let r(g) be the first derivative of -2*g + g**3 - 2*g**2 + 1/4*g**4 - 9. Let b(v) = -v**2 + 13*v + 10. Let y be b(14). What is r(y)?
-2
Let d(f) = -f**2 + 6*f - 5. Let q(j) = j**2 - 6*j - 1. Suppose -n + 4*y = 0, 4*y - 23 = -3*n - 71. Let h be (-46)/(-6) - n/(-18). Let o be q(h). Determine d(o).
-5
Let q(t) = 10*t**3 - t**2 - 2*t - 1. Let c(a) = a**3 - 7*a**2 - 13*a + 39. Let u be 8 + -5 + 3 + 0 + 2. Let w be c(u). Give q(w).
-10
Suppose 91 = 51*k + 218 + 77. Let c(q) = -8*q**2 - 32*q - 4. What is c(k)?
-4
Let v = 0 + 4. Suppose -6*l + v = 40. Let s(m) = -7 + 5*m + 7*m**2 + 0 + 0*m**3 + 3 + m**3. Determine s(l).
2
Let x(p) = p**3 + 4*p**2 + 4*p - 1. Let h be ((-3)/6)/(2 - 11/6). Let u(g) = g**3 + 2*g**2 - 5*g - 4. Let i be u(h). Suppose 0 = f + 1 + i. What is x(f)?
-4
Let d(l) be the third derivative of -2 - 1/4*l**4 - 1/3*l**3 - 19*l**2 + 0*l. Give d(-1).
4
Let t(g) = 6*g**2 + 239 - 8*g - 8*g**2 - 13*g - 223. Calculate t(-11).
5
Let m(r) = -3*r - 3. Let a(p) = -4*p - 4. Let n(f) = 2*a(f) - 3*m(f). Suppose -j - x + 4 = 0, -4*x + 9*x = 35. What is n(j)?
-2
Let y be (-2266)/(-58) - (-166)/(-2407). Let v(b) be the third derivative of -2/3*b**3 + 1/24*b**4 + y*b**2 + 1/10*b**5 + 0 + 0*b + 1/120*b**6. Determine v(-5).
16
Let i(j) = 6*j - 456. Let f(h) = -h + 30. Let c(z) = 15*f(z) + i(z). Give c(-3).
21
Let z(p) be the third derivative of p**6/120 - p**5/12 + p**4/6 - p**3/2 - 7677*p**2. Suppose -2*n = -3*o + 2, 0 = 8*n - 4*n + 5*o - 40. Calculate z(n).
17
Let c(h) = -41*h**2 - 21*h - 29. Let z(v) = -7*v**2 - 4*v + 1. Let s(g) = c(g) - 6*z(g). What is s(8)?
53
Suppose 0 = 6*b - 43 + 13. Suppose -5*h - b*a = -4*h - 31, 4*h - 2*a - 58 = 0. Let v be 11/(-22)*h*-1. Let y(g) = g - 1. What is y(v)?
7
Let u(i) = 21*i + 2. Let v be u(1). Let m(s) = v*s**2 + 1 + 0*s - 10*s**3 - s - 24*s**2. Let z be (3 - 110/35)*-7. Calculate m(z).
-11
Let r = -25566 - -25551. Let n(c) = -c**3 - 16*c**2 - 16*c + 8. Determine n(r).
23
Let b(q) = q**2 + 10*q + 1. Let k(t) = 2*t + 1. Let l(f) = b(f) - 7*k(f). Suppose 5*u = u + 24. Calculate l(u).
6
Let m(k) = -k - 19. Suppose -g + 3*d - 8 = 0, -2*d + 24 = g + 3*d. Suppose -j = g, 0 = 2*l + 2*j + 16 - 0. Let n be l*1 - (3 + 6) - -2. Give m(n).
-8
Let a(u) = -35*u + 170. Let s(v) = 108*v - 507. Let f(n) = -7*a(n) - 2*s(n). What is f(6)?
-2
Suppose 0*o - 5*o = -4*c + 203, -2*c + o = -103. Let w = 23 + -70. Let h = w + c. Let x(l) = l - 5. Determine x(h).
0
Let v(r) = 8112*r**2 + 2 - 4 + 7*r - 8114*r**2. What is v(6)?
-32
Let k(m) be the third derivative of 0*m + 0 + 1/60*m**5 + 1/24*m**4 - 1/2*m**3 + 22*m**2. Let z = -6 - -6. Calculate k(z).
-3
Let f(t) be the first derivative of t**3/3 + t**2 + 25*t - 4349. What is f(8)?
105
Let m(v) = 5*v**3 - 5*v**2 + 318*v + 3. Let i(y) = -29*y**3 + 30*y**2 - 1829*y - 17. Let f(r) = 4*i(r) + 23*m(r). Let d = 12 + -8. Determine f(d).
9
Let a(m) = -m + 1. Let s(j) = -j**2 + 8*j - 10. Let w be s(6). Suppose 3*y + w*k = -1, 0 = y + k + 5 - 6. Give a(y).
4
Let g(q) be the third derivative of -q**5/60 - 11*q**4/12 + 5*q**3/6 + 3*q**2 - 206*q + 3. Determine g(-18).
77
Suppose 5*q = 47 + 8. Let x(r) = -7 - q*r + 35*r - 23*r. Give x(5).
-2
Let g(d) = 5*d**2 - 5 + 0*d**3 - d**3 + 2*d**3 - 9*d. Suppose -62*y + 15*y - 282 = 0. Give g(y).
13
Let f(s) = -s - 9. Let l(i) = 1. Let w(p) = f(p) + 5*l(p). Suppose 0 = -h + 8*h + 203. Let r = h - -36. Calculate w(r).
-11
Suppose 5*a + 132 = 11*a. Let v = a + -19. Let z(p) = -6*p**v + 3*p**2 - 2*p - 19 + 7*p**3 + 15. Calculate z(-4).
-12
Let w(y) = -y**2 - 5*y - 3. Suppose 2*a = -2*f + 327 - 339, f - 3*a = -2. Calculate w(f).
-3
Suppose 0 = -5*v + 24 + 31. Suppose h - 5 = -v. Let x(l) be the first derivative of -l**3/3 - 7*l**2/2 - 8*l - 3. Give x(h).
-2
Suppose 6*l = -4*y + 2*l, 2*l = -4. Let z(w) = -4*w + y*w + 0*w + 9 + 4*w. Suppose 2*s + 2 = 0, 0 = 20*c - 25*c + 5*s - 35. What is z(c)?
-7
Let d(g) be the first derivative of -g**5/20 - g**4/6 + g**2 - 46*g - 17. Let c(q) be the first derivative of d(q). Give c(-2).
2
Let z be -3*(1 + (0 - 15/9)). Let k be z/(1/4*4). Let y(o) be the third derivative of o**4/4 + o**2 - 17*o. Determine y(k).
12
Suppose 2*k = -8*k + 30. Let n(d) = 208*d**2 - 214*d**2 + 5*d**k - 2 - 4*d**3 + 4. Suppose 0 = -5*g + 39 - 9. Determine n(g).
2
Let x = 179 + -173. Let u(r) = -49*r + 5*r**2 + 37*r + x*r**2 + r**3. Determine u(-12).
0
Let s(c) = 4*c - 4. Let d be (-25)/(-10)*(-96)/(-20). Suppose 4*j - d + 32 = 0. Let m(a) = -3*a - 11. Let w be m(j). Calculate s(w).
12
Let g(a) = 21078*a - 10588*a - 42 + a**2 - 10492*a. Calculate g(-6).
6
Let h(b) = -3*b - 30. Let l be h(20). Let z be 97/9 + (-20)/l. Let p(m) = -z*m - 21 + 41 - 19. What is p(1)?
-10
Let g(c) be the third derivative of c**6/120 + c**5/10 - c**4/24 - 4*c**3/3 - 3*c**2 - 119*c + 20. Let z(t) = -4 + t + 1 - 3. Let s be z(0). Give g(s).
-2
Suppose 0 = 18*w + 9 - 63. Let y(n) = -3 + 2*n - n**2 + n**3 - 5*n**2 + 3*n**2 + 0*n**3 + 0*n**w. Calculate y(3).
3
Let c(r) = -5